{"id":403,"date":"2025-04-24T20:40:32","date_gmt":"2025-04-24T20:40:32","guid":{"rendered":"https:\/\/munipampahermosa.gob.pe\/portal\/?page_id=403"},"modified":"2025-05-15T17:24:14","modified_gmt":"2025-05-15T17:24:14","slug":"historia-clone","status":"publish","type":"page","link":"https:\/\/munipampahermosa.gob.pe\/portal\/historia-clone\/","title":{"rendered":"Historia"},"content":{"rendered":"\n\n\n\n\n\n\n\n\n\n\n\n\n<h1>Historia<\/h1>\n<h1><em>Rese\u00f1a Hist\u00f3rica del Distrito de Pampa Hermosa&nbsp;&nbsp;<\/em><\/h1>\n\n\n\n\n\n<p style=\"color: rgb(0, 0, 0);\"><strong>En la d\u00e9cada de 1890, frailes franciscanos llegaron al r\u00edo Ucayali predicando el evangelio en la selva peruana. Junto a ellos, aventureros del Departamento de San Mart\u00edn se internaron en la zona y se establecieron en las riberas del r\u00edo Cushibay, atra\u00eddos por su riqueza natural. All\u00ed convivieron pac\u00edficamente con comunidades nativas como los shipibos y piros.<br> <br> Hacia 1893, se fund\u00f3 el caser\u00edo Cushibay con la uni\u00f3n de mestizos y nativos, destacando varios pobladores provenientes de San Mart\u00edn. En 1895, una crecida del r\u00edo Ucayali oblig\u00f3 a reubicar el poblado tierra adentro, bajo el liderazgo de \u00c1ngel Ar\u00e9valo. Poco despu\u00e9s, surgi\u00f3 la necesidad de una escuela y, en 1905, se cre\u00f3 la primera escuela particular, mantenida por el pueblo.<br> <br> En 1915, con la llegada de la profesora Juanita Benegas y la intervenci\u00f3n de religiosos, se cambi\u00f3 el nombre de Cushibay a Cushabatay. Ese mismo a\u00f1o, el presidente Augusto B. Legu\u00eda promovi\u00f3 la creaci\u00f3n de mapas pol\u00edticos y el caser\u00edo fue oficialmente nombrado Pampa Hermosa por su paisaje natural.<br> <br> En 1952, la escuela local fue reconocida como Escuela Fiscal Estatal. En los a\u00f1os 60, la explotaci\u00f3n del caucho trajo desarrollo econ\u00f3mico. En 1961, Pampa Hermosa fue elevado a categor\u00eda de distrito mediante el Decreto Ley N.\u00ba 13692, bajo el gobierno de Manuel Prado Ugarteche, incluyendo 10 caser\u00edos anexos. Se crearon instituciones como el puesto de la Guardia Civil, una posta sanitaria, el Juzgado de Paz, y la Escuela Vacacional N\u00ba 208.<br> <br> Durante las siguientes d\u00e9cadas, varios alcaldes, elegidos por votaci\u00f3n o designaci\u00f3n, promovieron el desarrollo del distrito. En el a\u00f1o 2011, An\u00edbal Jim\u00e9nez fue elegido alcalde por voto popular, y reelegido en 2015. Le sucedi\u00f3 Santos Rojas Villalobos (2019-2022), y actualmente dirige el distrito el profesor Jorge D\u00edaz P\u00e9rez.<br> <br> Pampa Hermosa cuenta hoy con 35 anexos entre caser\u00edos, comunidades y centros poblados, con una poblaci\u00f3n cercana a los 9,000 habitantes, siendo una de las jurisdicciones m\u00e1s j\u00f3venes de la selva peruana.<\/strong><\/p>\n\n\n<p>Lorem Ipsum has been the industry&#8217;s standard dummy text ever since the 1500s.<\/p>\n\n\n<p>Lorem Ipsum has been the industry&#8217;s standard dummy text ever since the 1500s.<\/p>\n\n\n\n\n\n\n\n\n\n\nSERVICIOS\n\nDemuna\nSisfoh\nSerenazgo\nRegistro Civil\nVaso de Leche\nServicios P\u00fablicos\n\n\n\nCONTACTANOS\n\n\n\n\nVia Email:\n\n\n\n\n\nVia Phone:\n\n\n\nUBICACI\u00d3N\nUbicaci\u00f3n Principal\n\n\n\n\n","protected":false},"excerpt":{"rendered":"","protected":false},"author":1,"featured_media":0,"parent":0,"menu_order":0,"comment_status":"closed","ping_status":"closed","template":"","meta":{"pagelayer_contact_templates":[],"_pagelayer_content":"","site-sidebar-layout":"default","site-content-layout":"","ast-site-content-layout":"","site-content-style":"default","site-sidebar-style":"default","ast-global-header-display":"","ast-banner-title-visibility":"","ast-main-header-display":"","ast-hfb-above-header-display":"","ast-hfb-below-header-display":"","ast-hfb-mobile-header-display":"","site-post-title":"disabled","ast-breadcrumbs-content":"","ast-featured-img":"","footer-sml-layout":"","theme-transparent-header-meta":"","adv-header-id-meta":"","stick-header-meta":"","header-above-stick-meta":"","header-main-stick-meta":"","header-below-stick-meta":"","astra-migrate-meta-layouts":"default","ast-page-background-enabled":"default","ast-page-background-meta":{"desktop":{"background-color":"var(--ast-global-color-5)","background-image":"","background-repeat":"repeat","background-position":"center center","background-size":"auto","background-attachment":"scroll","background-type":"","background-media":"","overlay-type":"","overlay-color":"","overlay-opacity":"","overlay-gradient":""},"tablet":{"background-color":"","background-image":"","background-repeat":"repeat","background-position":"center center","background-size":"auto","background-attachment":"scroll","background-type":"","background-media":"","overlay-type":"","overlay-color":"","overlay-opacity":"","overlay-gradient":""},"mobile":{"background-color":"","background-image":"","background-repeat":"repeat","background-position":"center center","background-size":"auto","background-attachment":"scroll","background-type":"","background-media":"","overlay-type":"","overlay-color":"","overlay-opacity":"","overlay-gradient":""}},"ast-content-background-meta":{"desktop":{"background-color":"var(--ast-global-color-4)","background-image":"","background-repeat":"repeat","background-position":"center center","background-size":"auto","background-attachment":"scroll","background-type":"","background-media":"","overlay-type":"","overlay-color":"","overlay-opacity":"","overlay-gradient":""},"tablet":{"background-color":"var(--ast-global-color-4)","background-image":"","background-repeat":"repeat","background-position":"center center","background-size":"auto","background-attachment":"scroll","background-type":"","background-media":"","overlay-type":"","overlay-color":"","overlay-opacity":"","overlay-gradient":""},"mobile":{"background-color":"var(--ast-global-color-4)","background-image":"","background-repeat":"repeat","background-position":"center center","background-size":"auto","background-attachment":"scroll","background-type":"","background-media":"","overlay-type":"","overlay-color":"","overlay-opacity":"","overlay-gradient":""}},"_joinchat":[],"footnotes":""},"class_list":["post-403","page","type-page","status-publish","hentry"],"_links":{"self":[{"href":"https:\/\/munipampahermosa.gob.pe\/portal\/wp-json\/wp\/v2\/pages\/403","targetHints":{"allow":["GET"]}}],"collection":[{"href":"https:\/\/munipampahermosa.gob.pe\/portal\/wp-json\/wp\/v2\/pages"}],"about":[{"href":"https:\/\/munipampahermosa.gob.pe\/portal\/wp-json\/wp\/v2\/types\/page"}],"author":[{"embeddable":true,"href":"https:\/\/munipampahermosa.gob.pe\/portal\/wp-json\/wp\/v2\/users\/1"}],"replies":[{"embeddable":true,"href":"https:\/\/munipampahermosa.gob.pe\/portal\/wp-json\/wp\/v2\/comments?post=403"}],"version-history":[{"count":20,"href":"https:\/\/munipampahermosa.gob.pe\/portal\/wp-json\/wp\/v2\/pages\/403\/revisions"}],"predecessor-version":[{"id":801,"href":"https:\/\/munipampahermosa.gob.pe\/portal\/wp-json\/wp\/v2\/pages\/403\/revisions\/801"}],"wp:attachment":[{"href":"https:\/\/munipampahermosa.gob.pe\/portal\/wp-json\/wp\/v2\/media?parent=403"}],"curies":[{"name":"wp","href":"https:\/\/api.w.org\/{rel}","templated":true}]}}